
3
What is the thousands digit of 130145118?
5
What is the ten millions digit of 1609669689?
0
What is the hundred thousands digit of 236736065?
7
What is the ten thousands digit of 11854220?
5
What is the ten millions digit of 5664809531?
6
What is the hundred thousands digit of 627216287?
2
What is the hundred thousands digit of 69147191?
1
What is the ten thousands digit of 177928856?
2
What is the thousands digit of 1139061663?
1
What is the millions digit of 577861311?
7
What is the tens digit of 72202946?
4
What is the millions digit of 633178975?
3
What is the ten millions digit of 82726061?
8
What is the hundreds digit of 4090225?
2
What is the ten thousands digit of 215455848?
5
What is the hundred thousands digit of 86055592?
0
What is the hundreds digit of 1438198836?
8
What is the tens digit of 2906546840?
4
What is the thousands digit of 68369824?
9
What is the ten thousands digit of 737327285?
2
What is the hundred millions digit of 387646007?
3
What is the ten millions digit of 293415417?
9
What is the hundreds digit of 50894915?
9
What is the units digit of 261695291?
1
What is the thousands digit of 348572950?
2
What is the thousands digit of 42986389?
6
What is the millions digit of 3902107?
3
What is the units digit of 12912944?
4
What is the hundred millions digit of 2331399564?
3
What is the hundred thousands digit of 515603562?
6
What is the thousands digit of 2702543011?
3
What is the billions digit of 1178092039?
1
What is the ten thousands digit of 326469251?
6
What is the thousands digit of 44432?
4
What is the ten thousands digit of 506390420?
9
What is the tens digit of 177094874?
7
What is the tens digit of 71205?
0
What is the tens digit of 5091012001?
0
What is the ten millions digit of 141351914?
4
What is the thousands digit of 8225103624?
3
What is the hundred thousands digit of 5309874458?
8
What is the tens digit of 3194327713?
1
What is the hundred thousands digit of 17198074?
1
What is the billions digit of 1403769627?
1
What is the hundred thousands digit of 2558016394?
0
What is the thousands digit of 1101350279?
0
What is the ten thousands digit of 852322746?
2
What is the millions digit of 2060107984?
0
What is the hundred thousands digit of 74183020?
1
What is the tens digit of 27611574?
7
What is the thousands digit of 59311503?
1
What is the ten thousands digit of 61463442?
6
What is the thousands digit of 33242051?
2
What is the millions digit of 634508243?
4
What is the hundreds digit of 656631439?
4
What is the hundreds digit of 3173860?
8
What is the thousands digit of 76873625?
3
What is the units digit of 616723729?
9
What is the hundred millions digit of 157865285?
1
What is the thousands digit of 881306209?
6
What is the units digit of 264316689?
9
What is the thousands digit of 1049806078?
6
What is the ten millions digit of 829221719?
2
What is the units digit of 678477138?
8
What is the hundred thousands digit of 87443136?
4
What is the thousands digit of 430186476?
6
What is the hundred millions digit of 311700412?
3
What is the millions digit of 2616062507?
6
What is the thousands digit of 279221240?
1
What is the hundred millions digit of 126133341?
1
What is the hundred millions digit of 413175664?
4
What is the thousands digit of 4663420?
3
What is the hundreds digit of 860856850?
8
What is the hundred millions digit of 144391795?
1
What is the ten thousands digit of 53872466?
7
What is the ten millions digit of 4235589167?
3
What is the hundreds digit of 44728141?
1
What is the hundreds digit of 499432602?
6
What is the ten thousands digit of 39760166?
6
What is the tens digit of 984068987?
8
What is the hundreds digit of 775323630?
6
What is the thousands digit of 91553312?
3
What is the units digit of 139523633?
3
What is the millions digit of 108381897?
8
What is the tens digit of 1837197856?
5
What is the hundreds digit of 40054629?
6
What is the ten millions digit of 916277923?
1
What is the ten thousands digit of 964749445?
4
What is the hundred thousands digit of 6324974441?
9
What is the thousands digit of 11440326?
0
What is the ten thousands digit of 78717499?
1
What is the ten thousands digit of 803454005?
5
What is the tens digit of 330899331?
3
What is the ten thousands digit of 670408623?
0
What is the ten thousands digit of 319952575?
5
What is the hundreds digit of 88376588?
5
What is the hundred thousands digit of 149664564?
6
What is the thousands digit of 3832967356?
7
What is the ten millions digit of 34443584?
3
What is the hundred thousands digit of 263221175?
2
What is the units digit of 31873783?
3
What is the hundred thousands digit of 154241409?
2
What is the ten millions digit of 2785887440?
8
What is the hundred thousands digit of 18965078?
9
What is the ten millions digit of 13002198?
1
What is the units digit of 2638244194?
4
What is the hundred thousands digit of 4168238669?
2
What is the ten millions digit of 106851909?
0
What is the hundred thousands digit of 1590462547?
4
What is the hundreds digit of 101673283?
2
What is the ten millions digit of 99167554?
9
What is the millions digit of 147213535?
7
What is the hundred thousands digit of 123613312?
6
What is the ten millions digit of 57007136?
5
What is the thousands digit of 190694511?
4
What is the hundred millions digit of 661073351?
6
What is the thousands digit of 5989538?
9
What is the hundred millions digit of 191667188?
1
What is the ten millions digit of 228349146?
2
What is the ten thousands digit of 111804808?
0
What is the hundred thousands digit of 4111220?
1
What is the units digit of 312944983?
3
What is the hundred millions digit of 318428592?
3
What is the millions digit of 153656303?
3
What is the thousands digit of 28172991?
2
What is the ten millions digit of 4123986983?
2
What is the hundred thousands digit of 44491296?
4
What is the millions digit of 2644582622?
4
What is the units digit of 482458780?
0
What is the hundred millions digit of 114074340?
1
What is the tens digit of 75672093?
9
What is the millions digit of 9445839?
9
What is the ten thousands digit of 734911813?
1
What is the thousands digit of 6172094706?
4
What is the tens digit of 334030997?
9
What is the hundred millions digit of 150469041?
1
What is the millions digit of 169711986?
9
What is the ten millions digit of 172347434?
7
What is the ten thousands digit of 81292608?
9
What is the hundred thousands digit of 19672368?
6
What is the tens digit of 3621339755?
5
What is the tens digit of 292754955?
5
What is the units digit of 100344388?
8
What is the units digit of 513082887?
7
What is the units digit of 45605043?
3
What is the thousands digit of 113570709?
0
What is the ten thousands digit of 489358271?
5
What is the thousands digit of 26279021?
9
What is the hundred millions digit of 168403888?
1
What is the ten millions digit of 442264265?
4
What is the thousands digit of 953943174?
3
What is the thousands digit of 1013313074?
3
What is the hundred thousands digit of 302307025?
3
What is the ten millions digit of 121604725?
2
What is the hundred millions digit of 1098774373?
0
What is the hundred millions digit of 665073225?
6
What is the ten millions digit of 14312890?
1
What is the ten thousands digit of 17129414?
2
What is the tens digit of 210755497?
9
What is the billions digit of 1401120469?
1
What is the thousands digit of 89949945?
9
What is the tens digit of 1189363761?
6
What is the hundred thousands digit of 1525048267?
0
What is the hundreds digit of 2977380448?
4
What is the tens digit of 283501866?
6
What is the millions digit of 27167409?
7
What is the hundred thousands digit of 1803500?
8
What is the tens digit of 236387949?
4
What is the hundreds digit of 187128646?
6
What is the hundred thousands digit of 5761530459?
5
What is the millions digit of 1602010351?
2
What is the ten thousands digit of 26494335?
9
What is the tens digit of 66447852?
5
What is the ten millions digit of 7426675708?
2
What is the tens digit of 1984155387?
8
What is the millions digit of 319180003?
9
What is the tens digit of 78562524?
2
What is the tens digit of 226594817?
1
What is the ten thousands digit of 126266301?
6
What is the hundred millions digit of 1325984618?
3
What is the units digit of 242